 = 1602*f - 8791. What is p(6)?
821
Let z(f) = 203*f**3 - 9*f**2 - 67*f - 50. Give z(-1).
-195
Let c(g) = -17*g**2 - 15*g + 342. Calculate c(-6).
-180
Let q(a) = -3*a**3 + 106*a**2 + 169*a + 578. What is q(37)?
-14
Let j(c) = c**3 - 253*c**2 + 13036*c - 335. Determine j(72).
-47
Let v(r) = -73*r + 8918. What is v(121)?
85
Let z(p) = -3*p**3 + 1037*p**2 - 1729*p + 3393. Calculate z(344).
297
Let y(z) = 1698898*z - 3397788. Calculate y(2).
8
Let m(i) = i**3 - 58*i**2 - 11. Determine m(4).
-875
Let t(p) = -931*p**2 + 370537*p + 395. What is t(398)?
-3
Let h(r) = -2*r**3 - 60*r**2 - 34*r + 985. What is h(-28)?
-1199
Let v(i) = 76653*i + 536610. What is v(-7)?
39
Let x(y) = -y**3 + 18*y**2 + 29*y - 406. Give x(18).
116
Let p(c) = 14*c + 1436. Give p(-111).
-118
Let i(t) = -24266*t + 4828890. What is i(199)?
-44
Let t(o) = o**2 - 133*o + 4416. Give t(69).
0
Let l(y) = -45809*y - 82. Determine l(0).
-82
Let k(t) = -15*t**2 - 2*t - 44. Give k(4).
-292
Let y(d) = -d**3 - d**2 - 228*d - 2074. What is y(-14)?
3666
Let d(x) = -880*x**2 + 367851*x - 4598. What is d(418)?
0
Let a(i) = -i**2 - 15986*i - 335178. Give a(-21).
87
Let g(u) = u**2 + 249708*u + 249709. Determine g(-1).
2
Let k(f) = 2*f**3 + 102*f**2 + 487*f + 720. Determine k(-46).
-522
Let s(m) = -10731*m + 21422. What is s(2)?
-40
Let y(d) = -1038*d - 75771. What is y(-73)?
3
Let x(o) = 2*o**3 - 16*o**2 - 32*o + 67. Determine x(7).
-255
Let b(r) = 1086*r - 91759. What is b(87)?
2723
Let l(f) = 3*f**3 - 405*f**2 - 1334*f + 12689. Calculate l(138).
-7
Let i(k) = k**3 - 34*k**2 + 137*k + 86. Calculate i(6).
-100
Let v(p) = 41*p**2 + 7*p + 151. Give v(-4).
779
Let g(h) = 887*h - 14613. What is g(16)?
-421
Let r(q) = 4*q**3 - 251*q**2 + 1700*q + 143. Give r(55).
-132
Let a(c) = 2719*c + 584549. Calculate a(-215).
-36
Let w(o) = -7*o**2 + 472*o - 186. Determine w(67).
15
Let w(j) = -1511*j - 18213. Determine w(-12).
-81
Let s(w) = 4*w**3 - 680*w**2 + 18*w - 2455. Give s(170).
605
Let w(f) = -5195*f**2 + 257*f - 237. Determine w(1).
-5175
Let k(r) = -78039*r + 78042. Determine k(1).
3
Let j(t) = t**2 - 9624*t - 5445767. Calculate j(-536).
-7
Let r(l) = -l**3 - 169*l**2 - 320*l + 1023. Give r(-167).
-1315
Let n(u) = 2115*u**2 - 52867*u - 15. Calculate n(25).
185
Let q(k) = -k**3 + 78*k**2 - 154*k + 129. What is q(76)?
-23
Let k(y) = -2*y**3 + 16*y**2 + 555*y - 188. What is k(21)?
1
Let h(q) = -39893*q - 4348340. Calculate h(-109).
-3
Let g(l) = -107*l**2 + 9747*l - 231. What is g(91)?
679
Let c(x) = -x**3 - 285*x**2 + 6100*x + 73. Give c(-305).
73
Let m(a) = 424*a**3 + 4663*a**2 - 5*a + 54. Give m(-11).
-12
Let w(y) = -52*y**3 - 117*y**2 + 77*y - 230. Determine w(3).
-2456
Let n(d) = 193*d + 334. Calculate n(-5).
-631
Let u(v) = 3*v**3 - 46*v**2 + 16*v - 2867. Determine u(18).
13
Let u(a) = a**3 - 19*a**2 + 31*a - 1539. Give u(21).
-6
Let o(h) = h**3 - 278*h**2 + 1675*h - 258. Give o(6).
0
Let k(o) = -5*o**2 + 1417*o - 466. Determine k(283).
100
Let u(i) = -12913*i + 220. Determine u(0).
220
Let s(a) = 22*a**2 - 636*a + 1261. Determine s(2).
77
Let v(d) = 34990*d - 244920. Give v(7).
10
Let l(f) = f**3 - 8*f**2 - 587*f + 3625. Calculate l(6).
31
Let x(h) = -5*h**3 + 44*h**2 + 117*h + 905. Determine x(12).
5
Let s(p) = 31*p**3 - 305*p**2 - 16*p - 523. Calculate s(10).
-183
Let j(w) = -w**3 + 6*w**2 + 2*w + 307. Calculate j(0).
307
Let u(l) = -l**2 - 197*l - 5407. Give u(-34).
135
Let p(x) = -7849*x**2 - 102041*x - 9. Calculate p(-13).
43
Let f(i) = -i**3 - 17*i**2 + 61*i + 1053. Give f(-17).
16
Let v(p) = -p**3 + 33*p**2 + 625*p + 104. What is v(-13)?
-247
Let n(o) = -1123*o**2 - 4605*o - 449. Determine n(-4).
3
Let w(c) = 49*c**2 + 823*c - 219. Calculate w(-17).
-49
Let m(l) = 7*l**3 - 80*l**2 + 48*l - 175. Calculate m(11).
-10
Let f(k) = k**3 + 72*k**2 + 456*k + 3968. What is f(-66)?
8
Let u(o) = 3816475*o + 38164748. Determine u(-10).
-2
Let x(m) = m**3 + 312*m**2 + 576*m + 82490. Determine x(-311).
75
Let t(g) = -2*g**3 - 354*g**2 + 5749*g + 166. What is t(15)?
1
Let t(h) = -2*h**2 - 376*h - 4837. Determine t(-13).
-287
Let h(u) = -u**3 - 28*u**2 - 4322*u - 131453. Determine h(-30).
7
Let j(d) = 2*d**3 + 20*d**2 - 498*d - 5222. What is j(-15)?
-2
Let h(j) = j**3 - 5*j**2 - 10675*j + 64012. Determine h(6).
-2
Let b(d) = -2187*d - 37176. Determine b(-17).
3
Let c(i) = i**2 + 815978*i - 6527887. Give c(8).
1
Let k(x) = -7583*x - 45464. Calculate k(-6).
34
Let d(w) = -w**3 + 247*w**2 - 979*w + 1826. Determine d(243).
125
Let x(j) = -2*j**3 + j**2 + 69*j - 24. What is x(5)?
96
Let n(a) = 6592134*a + 79105618. Determine n(-12).
10
Let g(h) = 2*h**3 - 10871*h**2 + 65107*h + 275. Give g(6).
-7
Let d(o) = -7740*o + 49937. What is d(7)?
-4243
Let x(i) = 8919*i + 446248. What is x(-50)?
298
Let h(x) = 7*x**3 - 424*x**2 - 183*x - 20. Calculate h(61).
-20
Let h(i) = 2905*i - 40. Give h(0).
-40
Let i(h) = -h**3 - 12*h**2 + 24*h - 3. Determine i(12).
-3171
Let h(j) = -j**3 - 7*j**2 + 30*j - 55. Determine h(15).
-4555
Let m(n) = -3815*n + 68757. Calculate m(18).
87
Let a(m) = -637*m + 292387. Determine a(459).
4
Let w(l) = -580*l - 1131. Give w(-3).
609
Let b(v) = -30*v**2 - 641*v - 295. What is b(-21)?
-64
Let d(r) = 23*r**3 - 226*r**2 - 89*r + 464. Give d(10).
-26
Let v(h) = 129*h - 12483. What is v(103)?
804
Let b(g) = -788*g - 39476. What is b(-50)?
-76
Let h(k) = -k**3 - 207*k**2 - 270*k - 14. Give h(0).
-14
Let i(h) = h**3 - 3402*h**2 + 16976*h + 26. What is i(5)?
-19
Let g(w) = 1430*w - 609396. Determine g(426).
-216
Let v(z) = 3*z**3 + 12*z**2 + 5*z - 17. Calculate v(-4).
-37
Let s(o) = 2*o**3 - 30*o**2 + 139*o - 6797. Calculate s(20).
-17
Let x(z) = -63*z**2 - 3596*z - 51180. What is x(-30)?
0
Let f(v) = 2*v**2 + 32*v - 49755. What is f(-166)?
45
Let y(n) = -n**3 - 120*n**2 + 2463*n - 2873. Calculate y(-138).
25
Let w(l) = -l**3 - 257*l**2 - 7476*l + 23684. Determine w(-223).
46
Let k(p) = p**3 + p**2 - 1051*p + 46. Determine k(32).
206
Let y(o) = -359*o + 8091. Calculate y(23).
-166
Let n(s) = -24*s**2 - 1018*s - 419. Give n(-42).
1
Let r(m) = -3*m**2 - 127*m + 1249. Determine r(-62).
-2409
Let g(h) = -8281*h - 124126. Calculate g(-15).
89
Let l(a) = -a**3 - 27*a**2 + 88*a + 1462. What is l(-29)?
592
Let u(t) = -5*t**3 + 2236*t**2 - 7077*t - 12030. What is u(444)?
-42
Let p(y) = -y**3 - 48*y**2 - 23*y - 233. Calculate p(-47).
-1361
Let i(r) = -26847*r - 1047023. Calculate i(-39).
10
Let n(m) = 38*m**3 - 111*m**2 + 97*m - 293. Calculate n(3).
25
Let n(d) = 2*d**2 + 322*d - 5600. Give n(19).
1240
Let s(b) = 4626*b + 59861. Calculate s(-13).
-277
Let t(d) = -2*d**3 + 85*d**2 - 1544*d + 22014. Give t(29).
-55
Let b(c) = -3*c**3 - 47*c**2 + 150*c + 2674. Give b(-15).
-26
Let u(o) = -511*o**2 + 8692*o - 29. Determine u(17).
56
Let n(i) = i**3 - 8*i**2 + 848*i - 11867. What is n(13)?
2
Let p(z) = 1731*z**2 + 249267*z + 430. What is p(-144)?
-2
Let z(u) = -u**3 + 12*u**2 - 10*u - 120. Calculate z(9).
33
Let x(r) = 7199*r + 57526. Determine x(-8).
-66
Let m(f) = 544*f**2 - 4352*f + 42. Calculate m(8).
42
Let j(y) = -112*y**3 + 10864*y**2 + y - 40. Calculate j(97).
57
Let x(b) = -6*b**2 - 1520*b + 38123. What is x(23)?
-11
Let p(j) = -1757*j - 9946. What is p(-8)?
4110
Let u(l) = -1217*l - 172818. What is u(-142)?
-4
Let f(t) = 166*t + 11823. Determine f(-71).
37
Let y(o) = 4*o**2 - 19*o - 1627. What is y(33)?
2102
Let x(m) = -m**3 + 34*m**2 - 303*m + 805. What is x(6)?
-5
Let z(m) = -20*m**2 + 495*m + 265. What is z(26)?
-385
Let o(s) = 73361*s + 733597. Calculate o(-10).
-13
Let s(p) = -5151*p + 92708. What is s(18)?
-10
Let j(m) = -9*m**2 - 1642*m - 17396. Determine j(-171).
217
Let n(i) = 26*i**2 - 181*i - 841. What is n(-4)?
299
Let g(n) = n**3 - 37*n**2 - 32*n + 319. Give g(38).
547
Let n(p) = 111337*p + 2560851. Determine n(-23).
100
Let y(s) = -s**2 - 20*s + 28813. Give y(160).
13
Let u(v) = -v**3 + 94*v**2 + 177*v - 6866. Give u(95).
924
Let b(d) = -3*d**2 - 56*d + 722. What is b(13)?
-513
Let i(d) = -935*d**2 + 203*d + 404. Calculate i(-2).
-3742
Let y(w) = 3*w**3 - 28*w**2 - 28*w - 87. Determine y(12).
729
Let p(k) = 21337*k - 256043. What is p(12)?
1
Let k(n) = -n**3 + 152*n**2 + 941*n - 54. Calculate k(-6).
-12
Let i(x) = 69196*x - 484406. What is i(7)?
-34
Let u(s) = -5*s**2 + 41353*s - 124052. Ca